{"id":45,"date":"2016-09-20T14:45:13","date_gmt":"2016-09-20T12:45:13","guid":{"rendered":"https:\/\/localhost\/website\/?page_id=45"},"modified":"2024-09-30T11:54:42","modified_gmt":"2024-09-30T09:54:42","slug":"oferta-szkolen","status":"publish","type":"page","link":"https:\/\/calculatic.pl\/kursy-excel\/szkolenia-office","title":{"rendered":"Szkolenia MS Office &#8211; szkolenia dla firm"},"content":{"rendered":"<p>Przedstawiamy ofert\u0119 kursu MS Office. Szkolenia ka\u017cdego z przedstawionych przez nas program\u00f3w pozwoli Twojej firmie uwydatni\u0107 prac\u0119 albo naby\u0107 wiedz\u0119 niezb\u0119dna do obs\u0142ugi tych program\u00f3w! Wszystko przygotowane jest przez najlepszych specjalist\u00f3w. Zapoznaj si\u0119 z ofert\u0105!<\/p>\n","protected":false},"excerpt":{"rendered":"<p>Przedstawiamy ofert\u0119 kursu MS Office. Szkolenia ka\u017cdego z przedstawionych przez nas program\u00f3w pozwoli Twojej firmie uwydatni\u0107 prac\u0119 albo naby\u0107 wiedz\u0119 niezb\u0119dna do obs\u0142ugi tych program\u00f3w! Wszystko przygotowane jest przez najlepszych specjalist\u00f3w. Zapoznaj si\u0119 z ofert\u0105!<\/p>\n","protected":false},"author":1,"featured_media":0,"parent":0,"menu_order":0,"comment_status":"closed","ping_status":"closed","template":"templates\/oferta-szkolen.php","meta":[],"tags":[1170],"yoast_head":"<!-- This site is optimized with the Yoast SEO plugin v17.7.1 - https:\/\/yoast.com\/wordpress\/plugins\/seo\/ -->\r\n<meta name=\"robots\" content=\"index, follow, max-snippet:-1, max-image-preview:large, max-video-preview:-1\" \/>\r\n<link rel=\"canonical\" href=\"https:\/\/calculatic.pl\/kursy-excel\/szkolenia-office\" \/>\r\n<meta property=\"og:locale\" content=\"pl_PL\" \/>\r\n<meta property=\"og:type\" content=\"article\" \/>\r\n<meta property=\"og:title\" content=\"Najlepsze Szkolenia Excel i MS Office | Szeroki wyb\u00f3r warsztat\u00f3w dla firm\" \/>\r\n<meta property=\"og:description\" content=\"Przedstawiamy ofert\u0119 kursu MS Office. Szkolenia ka\u017cdego z przedstawionych przez nas program\u00f3w pozwoli Twojej firmie uwydatni\u0107 prac\u0119 albo naby\u0107 wiedz\u0119 niezb\u0119dna do obs\u0142ugi tych program\u00f3w! Wszystko przygotowane jest przez najlepszych specjalist\u00f3w. Zapoznaj si\u0119 z ofert\u0105!\" \/>\r\n<meta property=\"og:url\" content=\"https:\/\/calculatic.pl\/kursy-excel\/szkolenia-office\" \/>\r\n<meta property=\"og:site_name\" content=\"Excellent\" \/>\r\n<meta property=\"article:modified_time\" content=\"2024-09-30T09:54:42+00:00\" \/>\r\n<meta name=\"twitter:card\" content=\"summary_large_image\" \/>\r\n<script type=\"application\/ld+json\" class=\"yoast-schema-graph\">{\"@context\":\"https:\/\/schema.org\",\"@graph\":[{\"@type\":\"WebSite\",\"@id\":\"https:\/\/calculatic.pl\/kursy-excel\/#website\",\"url\":\"https:\/\/calculatic.pl\/kursy-excel\/\",\"name\":\"Excellent\",\"description\":\"\",\"potentialAction\":[{\"@type\":\"SearchAction\",\"target\":{\"@type\":\"EntryPoint\",\"urlTemplate\":\"https:\/\/calculatic.pl\/kursy-excel\/?s={search_term_string}\"},\"query-input\":\"required name=search_term_string\"}],\"inLanguage\":\"pl-PL\"},{\"@type\":\"WebPage\",\"@id\":\"https:\/\/calculatic.pl\/kursy-excel\/szkolenia-office#webpage\",\"url\":\"https:\/\/calculatic.pl\/kursy-excel\/szkolenia-office\",\"name\":\"Najlepsze Szkolenia Excel i MS Office | Szeroki wyb\\u00f3r warsztat\\u00f3w dla firm\",\"isPartOf\":{\"@id\":\"https:\/\/calculatic.pl\/kursy-excel\/#website\"},\"datePublished\":\"2016-09-20T12:45:13+00:00\",\"dateModified\":\"2024-09-30T09:54:42+00:00\",\"breadcrumb\":{\"@id\":\"https:\/\/calculatic.pl\/kursy-excel\/szkolenia-office#breadcrumb\"},\"inLanguage\":\"pl-PL\",\"potentialAction\":[{\"@type\":\"ReadAction\",\"target\":[\"https:\/\/calculatic.pl\/kursy-excel\/szkolenia-office\"]}]},{\"@type\":\"BreadcrumbList\",\"@id\":\"https:\/\/calculatic.pl\/kursy-excel\/szkolenia-office#breadcrumb\",\"itemListElement\":[{\"@type\":\"ListItem\",\"position\":1,\"name\":\"Strona g\\u0142\\u00f3wna\",\"item\":\"https:\/\/calculatic.pl\/kursy-excel\/\"},{\"@type\":\"ListItem\",\"position\":2,\"name\":\"Szkolenia MS Office &#8211; szkolenia dla firm\"}]}]}<\/script>\r\n<!-- \/ Yoast SEO plugin. -->","yoast_head_json":{"robots":{"index":"index","follow":"follow","max-snippet":"max-snippet:-1","max-image-preview":"max-image-preview:large","max-video-preview":"max-video-preview:-1"},"canonical":"https:\/\/calculatic.pl\/kursy-excel\/szkolenia-office","og_locale":"pl_PL","og_type":"article","og_title":"Najlepsze Szkolenia Excel i MS Office | Szeroki wyb\u00f3r warsztat\u00f3w dla firm","og_description":"Przedstawiamy ofert\u0119 kursu MS Office. Szkolenia ka\u017cdego z przedstawionych przez nas program\u00f3w pozwoli Twojej firmie uwydatni\u0107 prac\u0119 albo naby\u0107 wiedz\u0119 niezb\u0119dna do obs\u0142ugi tych program\u00f3w! Wszystko przygotowane jest przez najlepszych specjalist\u00f3w. Zapoznaj si\u0119 z ofert\u0105!","og_url":"https:\/\/calculatic.pl\/kursy-excel\/szkolenia-office","og_site_name":"Excellent","article_modified_time":"2024-09-30T09:54:42+00:00","twitter_card":"summary_large_image","schema":{"@context":"https:\/\/schema.org","@graph":[{"@type":"WebSite","@id":"https:\/\/calculatic.pl\/kursy-excel\/#website","url":"https:\/\/calculatic.pl\/kursy-excel\/","name":"Excellent","description":"","potentialAction":[{"@type":"SearchAction","target":{"@type":"EntryPoint","urlTemplate":"https:\/\/calculatic.pl\/kursy-excel\/?s={search_term_string}"},"query-input":"required name=search_term_string"}],"inLanguage":"pl-PL"},{"@type":"WebPage","@id":"https:\/\/calculatic.pl\/kursy-excel\/szkolenia-office#webpage","url":"https:\/\/calculatic.pl\/kursy-excel\/szkolenia-office","name":"Najlepsze Szkolenia Excel i MS Office | Szeroki wyb\u00f3r warsztat\u00f3w dla firm","isPartOf":{"@id":"https:\/\/calculatic.pl\/kursy-excel\/#website"},"datePublished":"2016-09-20T12:45:13+00:00","dateModified":"2024-09-30T09:54:42+00:00","breadcrumb":{"@id":"https:\/\/calculatic.pl\/kursy-excel\/szkolenia-office#breadcrumb"},"inLanguage":"pl-PL","potentialAction":[{"@type":"ReadAction","target":["https:\/\/calculatic.pl\/kursy-excel\/szkolenia-office"]}]},{"@type":"BreadcrumbList","@id":"https:\/\/calculatic.pl\/kursy-excel\/szkolenia-office#breadcrumb","itemListElement":[{"@type":"ListItem","position":1,"name":"Strona g\u0142\u00f3wna","item":"https:\/\/calculatic.pl\/kursy-excel\/"},{"@type":"ListItem","position":2,"name":"Szkolenia MS Office &#8211; szkolenia dla firm"}]}]}},"_links":{"self":[{"href":"https:\/\/calculatic.pl\/kursy-excel\/wp-json\/wp\/v2\/pages\/45"}],"collection":[{"href":"https:\/\/calculatic.pl\/kursy-excel\/wp-json\/wp\/v2\/pages"}],"about":[{"href":"https:\/\/calculatic.pl\/kursy-excel\/wp-json\/wp\/v2\/types\/page"}],"author":[{"embeddable":true,"href":"https:\/\/calculatic.pl\/kursy-excel\/wp-json\/wp\/v2\/users\/1"}],"replies":[{"embeddable":true,"href":"https:\/\/calculatic.pl\/kursy-excel\/wp-json\/wp\/v2\/comments?post=45"}],"version-history":[{"count":2,"href":"https:\/\/calculatic.pl\/kursy-excel\/wp-json\/wp\/v2\/pages\/45\/revisions"}],"predecessor-version":[{"id":7823,"href":"https:\/\/calculatic.pl\/kursy-excel\/wp-json\/wp\/v2\/pages\/45\/revisions\/7823"}],"wp:attachment":[{"href":"https:\/\/calculatic.pl\/kursy-excel\/wp-json\/wp\/v2\/media?parent=45"}],"wp:term":[{"taxonomy":"post_tag","embeddable":true,"href":"https:\/\/calculatic.pl\/kursy-excel\/wp-json\/wp\/v2\/tags?post=45"}],"curies":[{"name":"wp","href":"https:\/\/api.w.org\/{rel}","templated":true}]}}